+ 4). Determine r(z).
63
Let t = -3 + -4. Let p(m) = -10 + 3*m + 6*m - 10*m. Calculate p(t).
-3
Let l(j) = -4*j + 3. Suppose 14 = -4*t - 2. Let o be 5 - (-6)/t*2. What is l(o)?
-5
Let v(c) be the third derivative of -c**4/24 - 11*c**3/6 - 72*c**2. Determine v(-8).
-3
Let d(o) = o**2 - o - 2. Let w(q) = -20 + 11 + 4*q + 23. Let g be w(-6). Let b = g + 13. What is d(b)?
4
Let a(b) be the second derivative of b**5/20 - b**4/3 - b**3 + b**2 - 328*b. Calculate a(5).
-3
Let z(l) = -l**2 - 5*l + 10. Let d = -21 - -22. Suppose 2*j + 22 = -2*s, 4*s - d = -17. What is z(j)?
-4
Let v(m) be the second derivative of 0 - 1/2*m**2 + 12*m - 1/6*m**3. Calculate v(3).
-4
Suppose -161 - 175 = -24*m. Let n(r) = r - 13. What is n(m)?
1
Let z(f) = -4*f - 18. Let t(c) = 5*c + 17. Let v(p) = -3*t(p) - 4*z(p). Calculate v(-15).
6
Suppose 0*q + p = -4*q + 63, 5*p = 5*q - 110. Suppose -q = -3*b - 5. Let m(a) = -2*a + 1. Determine m(b).
-7
Let v(b) be the third derivative of -b**5/60 - 5*b**4/24 + 29*b**3/6 + 4*b**2 - 76. Calculate v(4).
-7
Let d(b) = 53*b - 112. Let j be d(2). Let w(x) = -x**2 - 8*x - 14. Give w(j).
-2
Let w(o) = 5*o**3 - o**2 - o - 6. Let u(z) = 6*z**3 - z**2 - z - 7. Let l(s) = -6*u(s) + 7*w(s). Determine l(-2).
6
Let v be 2 + 0 - 0/4. Let l(q) = 11*q**v + 9*q + 0 - 20*q**2 + 10*q**2 + 1. Determine l(-8).
-7
Let y(r) = -3*r**2 - 3*r. Let q = -261 + 257. Calculate y(q).
-36
Let q(w) = -w**2 - 3*w + 26. Let h = 0 + -7. Let d be q(h). Let f(u) be the third derivative of -u**6/120 - u**5/15 - u**4/12 - u**3/2 + u**2. Determine f(d).
-7
Let p(k) = -10*k - 34. Let h = 380 + -383. Calculate p(h).
-4
Let j be (2 + -1)*(0 + 5). Let q(b) = -b**3 + 5*b**2 + b + 2. Let o(c) = -c + 1. Let x(g) = -o(g) - q(g). Determine x(j).
-3
Suppose 7*p + 36 = 204. Suppose d = 0, -5*d + d - p = 3*z. Let u(s) = s**2 + 8*s - 3. Calculate u(z).
-3
Let o(f) = f**3 - 5*f**2 - 6*f - 7. Suppose 0 = -m + 58 - 7. Let a = 57 - m. Give o(a).
-7
Let u = -1441 - -1435. Let t(x) = x**2 + 8*x + 1. Give t(u).
-11
Let o = -1923 + 1919. Let y(m) = 5*m + 12. Calculate y(o).
-8
Let j be 2/8 - 236/(-16). Let x(t) = 28*t + 9 - j*t - 12*t. Let p = 11 - 15. Calculate x(p).
5
Let d(v) = 4*v**3 + v**2 - 1. Suppose 7*r = -z + 2*r - 26, 3*r = -5*z - 20. Give d(z).
-4
Let q(s) = 10*s + 2*s**2 - 4*s - s**2 + 4 - 2. Let l be -11 + 1/((-2)/(-8)). Calculate q(l).
9
Let r(g) = -1 - 6 + 9*g - g**2 + 0*g**2. Let y = -43 - -43. Suppose -87*z + 88*z - 6 = y. Calculate r(z).
11
Let r(j) = -j**2 + 6*j + 2. Let o(d) = -d**3 - 16*d**2 + 16*d - 9. Let f be o(-17). Determine r(f).
-14
Let t(c) = c**2 - 8*c + 9. Let j be t(7). Let m = j + 1. Let q(i) = 5 + 6 - 4 - 2 - m*i. What is q(4)?
-7
Let w(h) be the third derivative of h**4/2 - h**3/6 + 24*h**2 + 2. What is w(1)?
11
Suppose 12860*j + 144 = 12851*j. Let z(y) = 2*y**3 + 31*y**2 - 18*y - 25. What is z(j)?
7
Let s(v) = 3*v + 1. Suppose -6*i + m + 29 = -2*i, -2*m + 30 = 3*i. Suppose 0 = i*j - 4*j + 20. Calculate s(j).
-14
Let h(r) be the first derivative of r**3/3 + 9*r**2/2 - 10*r + 310. Let c(w) = w**3 + 5*w**2 - 3*w + 8. Let i be c(-6). Determine h(i).
0
Let d(t) be the first derivative of -t**5/20 + t**4/4 + 9*t - 5. Let o(x) be the first derivative of d(x). Let j be 2/(1*(1 - 0)). Give o(j).
4
Let w be (56/6)/((-16)/(-24)). Suppose 0 = -11*p + w*p + 6. Let f(m) be the first derivative of 2*m**3/3 + m**2/2 - 2*m - 2. What is f(p)?
4
Let s(d) = 2 + d - 4*d - d**2 - 2*d. Suppose 10 = -2*p + 50. Let m be 2/(-8) + (-75)/p. Calculate s(m).
6
Let g(i) be the third derivative of -i**4/24 - i**3/6 - 2*i**2. Let k(p) = -20*p + 11*p + 13*p + 5. Let l(f) = 10*g(f) + 2*k(f). What is l(1)?
-2
Let s(m) = -20*m + 2 + 8*m + m**2 + 5*m. Determine s(7).
2
Let r be (3 - (-3)/(-1))*-1. Let l(o) be the second derivative of o**3/6 - 7*o**2/2 + 58*o - 2. Determine l(r).
-7
Let c(q) be the third derivative of -q**6/120 - 7*q**5/60 - q**4/6 - q**3/2 - 6*q**2 + 13. Calculate c(-7).
25
Suppose -d = 4*y + 10, d + 3*d + 4*y + 4 = 0. Let s(x) = 7 - 7*x - d*x**2 + x**2 + 4*x**2 - 2*x**2. Let j(t) = t - 5. Let v be j(10). Determine s(v).
-3
Let l(u) = 112 + u - 44 - 75. Determine l(15).
8
Let c(j) = -6*j**3 + 2*j**2 + 4*j - 5. Let m be c(1). Let v(w) = -w**3 - 4*w**2 - 4*w + 3. What is v(m)?
48
Let a(y) be the first derivative of -3*y**2/2 + 14*y + 340. Determine a(7).
-7
Let z(n) = -3*n + 1. Let r(w) = w**3 + 4*w**2 - 13*w - 1. Let f be r(-6). Suppose 4*g + 4*o = 0, 5*o = 3*g + f + 3. Determine z(g).
4
Let w(d) = -4*d**3 + d**2 + 3*d + 2. Let m(r) = -7*r - 37. Let l be m(-5). What is w(l)?
32
Let d(x) = -x**3 + 13*x**2 - 5. Suppose p - m + 17 = 2*p, -3*p + 31 = -2*m. Give d(p).
-5
Let g(v) = 32*v**2 + 43*v + 14. Let p(f) = 23*f**2 + 29*f + 9. Let q(d) = -5*g(d) + 7*p(d). Calculate q(14).
21
Let v = -40 + 43. Let x(m) = 0 - v*m - 3 + 2*m + 8. What is x(6)?
-1
Let o(g) = g - 5. Let u(k) = -11*k + 24. Let t(f) = 4*f - 8. Let j(c) = 8*t(c) + 3*u(c). Let v(b) = -5*j(b) - 7*o(b). What is v(-5)?
5
Let z(x) = -2 + 0*x + 0*x - x**2 + 5*x. Let b be -3 + 7 + 1 + -2. Suppose 0 = b*l - 8 - 7. Give z(l).
-2
Let d(g) = -g**2 + 6*g + 11. Suppose 164*z - 84 = 150*z. What is d(z)?
11
Suppose 2*w + 4*d = 20, -14 = w - d - 9. Let v(x) = -x**3 + x**2 - 5*x. What is v(w)?
0
Let x(g) = -g + g - 2*g - 4*g - 1. Suppose -9*u + 113 = 5. Suppose u*l = 16*l + 8. What is x(l)?
11
Let x(u) be the first derivative of -u**4/4 - 4*u**3/3 - 2*u**2 - 1. Let i = 16 - 14. Suppose i - 5 = 3*t, 0 = 5*z - t + 14. Give x(z).
3
Let f(t) = t + 16. Let d be f(-5). Let h = d - 6. Let x(w) = -w**3 + 5*w**2 - 5. Calculate x(h).
-5
Suppose 0 = r + 3*x - 0 + 8, r + x = 2. Let m(z) = -438 + 440 + z - 3*z. What is m(r)?
-12
Let k(o) = o**2 + o - 10. Let j be k(3). Let i(y) = 2*y + 1. Calculate i(j).
5
Let x = 49 + -112. Let n = x - -59. Let z(t) = -t**3 - 3*t**2 + 4*t - 5. Calculate z(n).
-5
Let o(u) = 5*u**3 + 1. Let g(p) = -p**3 - p**2 + 10*p - 3. Let y be g(-4). Suppose -y*n - 14 = -2*t - n, -3*t = 2*n + 11. What is o(t)?
-4
Let w(l) be the first derivative of l**6/360 - l**4/12 - 10*l**3 - 14. Let r(m) be the third derivative of w(m). Calculate r(2).
2
Let x(f) = 2*f + 6. Suppose 2*a + 0*a = 2*s + 10, -2*a - 3*s + 10 = 0. Let l(z) = -7*z - 3 + 0 + z**3 + 4*z + 5*z**2 + a*z. Let n be l(-4). Give x(n).
16
Let l(c) = c**3 + c**2 - c + 2. Let o(w) = -6*w - 4. Let f be o(-7). Suppose 5*d = -3 + f. Let u be -6 - (4 + -1 - d). Give l(u).
0
Let p(j) = j**2 + 5*j + 1. Let k(a) = a**2 + 2*a. Let b(d) = 5*k(d) - 3*p(d). Let i = 62 - 58. What is b(i)?
9
Let f(v) be the second derivative of v**3/3 + 3*v**2/2 - 49*v - 1. What is f(-2)?
-1
Let t(u) = -10*u + 4*u**2 - 3 - 16*u**2 + 13*u**2. What is t(8)?
-19
Let q(z) be the first derivative of -2*z**2 - 3*z + 1. Let p be q(-2). Let a(j) = -6*j**2 - 2 + p*j**2 + 4 + 2*j**2 - 7*j. Calculate a(6).
-4
Let r(y) be the third derivative of y**6/120 - 7*y**5/20 + y**4/24 - 29*y**3/6 - 4*y**2 - 43*y. What is r(21)?
-8
Let h(z) = 29 + z**2 - 89 + 34 + 32 - 3*z - 7*z. Determine h(10).
6
Let v(x) = -x**3 - 5*x**2 - x - 4. Let c(d) = -3*d + 15. Let p be c(5). Let z be (60 + p)*(-5)/(-15). Suppose -z = -5*i, -5*i = -2*u + 2 - 32. Give v(u).
1
Let a(u) = 2*u + 75*u**2 + 3 + u**3 - 72*u**2 - 2. Let k(l) = -l - 8 - 3 + 2*l. Let r be k(8). Determine a(r).
-5
Let w(q) = -q**2 - 2*q + 8. Let v be w(6). Let p = -37 - v. Let c(a) = -a**3 + 3*a**2 - 4. Give c(p).
-4
Let d(a) = a**2 - a - 25. Let r be d(-5). Let o(k) = -k**2 + 5*k + 3. Give o(r).
3
Let r(u) = -u**3 + 8*u**2 + 11*u + 6. Suppose 331*j = 324*j + 63. What is r(j)?
24
Let k be (0 - 1)*(-3 - -2). Let a(x) = x**2 - k + 2 - 9*x**3 - 3*x**2. Let d = -5 + 6. Calculate a(d).
-10
Let w(o) = 1. Let r(x) = x + 16. Let v(q) = -r(q) + 3*w(q). Let p(c) = 1. Let n(g) = -4*p(g) - v(g). Calculate n(0).
9
Let j(f) = 14*f - 60. Let a be j(4). Suppose -u = -5*t + 22, -3*t + 0*t + 30 = 5*u. Let g(y) = -u*y**2 + 4*y**2 + 6*y - y. Give g(a).
-4
Let n(l) = -22*l**3 - 23*l**3 + 44*l**3 - 4*l - 4*l**2 + 6*l. Calculate n(-5).
15
Suppose 18 = -3*p - 2*k, 3*k - 30 = -17*p + 22*p. Let f(v) = v**3 + 7*v**2 + 6*v + 3. Give f(p).
3
Suppose 3*p + 3*n = 9, -3*n = 2*p - 4*p + 6. Let a = 1 - p. Let o(u) = u**2 - u - 1. What is o(a)?
5
Let p(t) = 2*t - 1. Let f(x) = -x**2 + 18*x - 19. Let g(a) = f(a) -